{"id":28,"date":"2024-06-09T17:29:57","date_gmt":"2024-06-09T17:29:57","guid":{"rendered":"http:\/\/cityalarme.pt\/?page_id=28"},"modified":"2024-06-09T17:29:57","modified_gmt":"2024-06-09T17:29:57","slug":"home","status":"publish","type":"page","link":"https:\/\/cityalarme.pt\/index.php\/home\/","title":{"rendered":"Home"},"content":{"rendered":"<p>Bem vindo a nossa p\u00e1gina, a sua visita \u00e9 muito importante para n\u00f3s.<\/p>\n<p>Para mais informa\u00e7\u00f5es pode contactar-nos atrav\u00e9s do email cityalarme@cityalarme.pt ou usar o numero de telefone 96 986 28 44<\/p>\n","protected":false},"excerpt":{"rendered":"<p>Bem vindo a nossa p\u00e1gina, a sua visita \u00e9 muito importante para n\u00f3s. Para mais informa\u00e7\u00f5es pode contactar-nos atrav\u00e9s do email cityalarme@cityalarme.pt ou usar o numero de telefone 96 986 28 44<\/p>\n","protected":false},"author":1,"featured_media":0,"parent":0,"menu_order":0,"comment_status":"closed","ping_status":"closed","template":"","meta":{"footnotes":""},"class_list":["post-28","page","type-page","status-publish","hentry"],"_links":{"self":[{"href":"https:\/\/cityalarme.pt\/index.php\/wp-json\/wp\/v2\/pages\/28","targetHints":{"allow":["GET"]}}],"collection":[{"href":"https:\/\/cityalarme.pt\/index.php\/wp-json\/wp\/v2\/pages"}],"about":[{"href":"https:\/\/cityalarme.pt\/index.php\/wp-json\/wp\/v2\/types\/page"}],"author":[{"embeddable":true,"href":"https:\/\/cityalarme.pt\/index.php\/wp-json\/wp\/v2\/users\/1"}],"replies":[{"embeddable":true,"href":"https:\/\/cityalarme.pt\/index.php\/wp-json\/wp\/v2\/comments?post=28"}],"version-history":[{"count":1,"href":"https:\/\/cityalarme.pt\/index.php\/wp-json\/wp\/v2\/pages\/28\/revisions"}],"predecessor-version":[{"id":69,"href":"https:\/\/cityalarme.pt\/index.php\/wp-json\/wp\/v2\/pages\/28\/revisions\/69"}],"wp:attachment":[{"href":"https:\/\/cityalarme.pt\/index.php\/wp-json\/wp\/v2\/media?parent=28"}],"curies":[{"name":"wp","href":"https:\/\/api.w.org\/{rel}","templated":true}]}}